number?
True
Let v(a) = -2110*a - 21. Let l(y) = -27*y - 247. Let c be l(-9). Is v(c) composite?
False
Let v(n) = -347003*n**3 - 16*n**2 - 19*n - 1. Is v(-1) a composite number?
True
Let m(a) = -a**3 + 11*a**2 - 5*a - 19. Let u be m(10). Suppose 18*p - 5 = u. Suppose -o + 215 = -g - g, 5*o - p*g = 1059. Is o a prime number?
True
Suppose 10*j - 5*j + 1765 = 0. Let s be ((-21)/6)/((-5)/520). Let l = s - j. Is l prime?
False
Is (-29 + (-19 - -41))/(1/(-71699)*1) prime?
False
Suppose 0 = 3*b - 5*d - 984, 4*d + 2 = -10. Let u = 2256 + b. Is u composite?
False
Suppose -4*k + 5*p - 9491 = 0, 0 = 5*k - 7*p + 3*p + 11866. Let q = k + 11151. Is q prime?
False
Let x(d) = -4*d + 16. Let m be (1 + 1)/((-3)/(-6)). Let y be x(m). Suppose 5*q + 2*s = 7415, y = 3*s - s - 10. Is q composite?
False
Let v = -208 + 208. Is 6531 + (8 - -2) + v/(-2) a composite number?
True
Suppose 0 = 3*h - 5*o + 5, o + 1 = 2*h - h. Suppose -4*j + h = -3. Suppose -j*i - 1912 = -4*n, -2*i + 912 + 50 = 2*n. Is n a prime number?
True
Let q = 6116 + -2283. Let w = 9322 - q. Is w a composite number?
True
Suppose 0*h - 3*g = -5*h + 310425, -4*g = 0. Suppose -5*i - 12446 = -b, 4*i = -0*b - 5*b + h. Is b prime?
True
Let z = -11542 - -21621. Is z prime?
True
Suppose -3 = -12*q - 27. Let u(r) = -293*r**3 - 5*r**2 - 7*r - 5. Is u(q) a prime number?
True
Suppose -1324 = -4*q + 2260. Let c = -217 + q. Is c a composite number?
True
Suppose 0 = 5*z - u + 2*u - 59, 21 = 2*z + 3*u. Let j(s) = 189*s - 55. Is j(z) a prime number?
True
Let s(b) = -b**3 + 64*b**2 - 94*b - 352. Is s(55) a composite number?
True
Let x = -860 + 23. Is (116/(-12))/(9/x) composite?
True
Suppose 385 = 11*v - 605. Suppose 4*l - 12*i + 13*i = 428, -l = -4*i - v. Is l composite?
True
Let u = 22055 - 1206. Is u a prime number?
True
Is 3816 - (952/392 + (-6)/14) composite?
True
Let n = 47142 - -15029. Is n composite?
False
Suppose 4 = -k, -824 = 4*q - k + 3*k. Let f = q + 395. Is f composite?
False
Let r = -15 - -6. Let f(z) = 196*z**2 + 6*z - 7. Is f(r) a composite number?
True
Let v(c) = -804*c**2 + c + 2. Let a be v(-1). Let y = 246 - a. Is y composite?
False
Suppose q + q = -660. Is 2 - (0 - -1) - q composite?
False
Let q = -5 + 8. Let g be 0/(2 - 2 - -2). Suppose q*s + 2*s - 785 = g. Is s a composite number?
False
Let g(i) = 17*i**2 - 7*i + 31. Let q be ((-24)/(-12) - 17*1) + 5. Is g(q) a prime number?
True
Let p(b) = -b**2 + 18*b - 21. Suppose 8*d - 95 = 41. Let m be p(d). Is 2031/(m/((-48)/9)) + -1 a composite number?
False
Let m(c) = 71*c**2 - 4*c - 5. Let v be m(-4). Let t = v - 517. Suppose -3*n = -993 - t. Is n a composite number?
False
Let s(b) = -7*b**2 - 848*b - 68. Is s(-101) prime?
True
Let o(w) = -41*w + 1058. Let p be o(26). Let d = -10 - -14. Is 1 + 686 + p + d a composite number?
False
Let o = 15 + -17. Let d(z) = -233*z + 391 - 390 - 441*z. Is d(o) a prime number?
False
Let i(q) = -13777*q + 3904. Is i(-19) prime?
False
Let z = -29631 + 44134. Is z prime?
True
Let l(d) = d**2 + 12*d - 1. Let q(i) = i**2 + 14*i - 2. Let u(f) = -4*l(f) + 3*q(f). Let t be u(-5). Is 9786/28*2/t a prime number?
True
Let g be (-2 + 1)/((-4)/(-40)). Let b be 5/g - 0 - (-1)/2. Suppose 2*x - 2*i - 1334 = b, 5*x - x = -2*i + 2668. Is x a composite number?
True
Is (-9)/(99/(-182732)) + (-2 - (-10 + 1)) composite?
False
Let x(l) = -l**3 - 7*l**2 + 3*l + 5. Let i be x(-7). Let o(q) = -9*q**3 - 6*q - 4*q**2 + 23*q**2 + 9*q**3 - 35 + q**3. Is o(i) prime?
True
Suppose 2*r = -5*s + 2009, -2*s + 21*r = 20*r - 800. Let x = -274 + s. Is x composite?
False
Let n be 10*(-2 - (-12)/8). Let c(f) = -11*f**3 - 3*f**2 - 5*f + 2. Is c(n) prime?
True
Let j(i) = -31*i + 24. Let z = -81 + 72. Is j(z) a prime number?
False
Let j be ((-8)/6)/((-8)/(-6) + -1). Let i = j - -9. Is i*5/50 - (-6002)/4 a prime number?
False
Suppose -g + 2 = 0, 3*w + 2283 = -2*g + 5*g. Let n = -333 - w. Let a = n + 5. Is a a prime number?
True
Let u = -3380570 + 4842203. Is u a prime number?
False
Let k(m) = 15914*m**2 - 165*m + 10. Is k(3) composite?
True
Let j = 382777 + -140406. Is j prime?
True
Is 3/(-27)*2 - (6 - (-19937235)/(-135)) prime?
False
Let t = 90505 - -128344. Is t prime?
True
Let a = -354 + 330. Is 7769*-8*3/a prime?
False
Let c(v) = -50749*v - 91. Is c(-6) a composite number?
True
Let o(u) = 162*u - 6. Let x be o(2). Suppose -2*t = -5*f - x, 0*t + 2*f = 3*t - 477. Let l = t - -3480. Is l a composite number?
True
Suppose -9*v + 4*g + 20170 = -4*v, 2*v - 8056 = 4*g. Is ((-10)/(100/v))/((-2)/10) prime?
False
Suppose 4*m - 3*b - 3068 = 0, 3*b = 5*m + 2*b - 3835. Suppose -m*v + 762*v + 90065 = 0. Is v prime?
True
Let i = -1001 + 339. Let p = 997 + i. Is p prime?
False
Let t(k) = 8*k**2 + 151*k - 47. Is t(76) a composite number?
False
Let j(d) = d + 19 + 2*d + 1. Let z be j(-7). Let c(k) = -159*k - 2. Is c(z) composite?
False
Let u(v) = -674*v**3 + 8*v**2 - 137*v - 941. Is u(-6) prime?
True
Let k be 5*((-20)/(-35) - 6/(-14)). Suppose k*t = 4*m - 149373, 5*m = -5*t + 85174 + 101486. Is m composite?
False
Suppose 3 = 31*z - 30*z. Suppose -q - 2*x = 3*q + 9648, -z*x = -3*q - 7245. Let t = -440 - q. Is t composite?
False
Let z(s) = 22*s**2 + 294 - 395 - 11*s**2 + 0*s**2 + 14*s**2 + 21*s. Is z(11) a prime number?
False
Suppose 2*k = -38*k + 9240399 + 2928921. Is k a composite number?
True
Let o(d) = -15*d + 29. Let s be (-16)/3*(-6)/(-4). Is o(s) a composite number?
False
Let w = -1008037 - -2190290. Is w prime?
True
Is (-10)/4 + (-3 - 2355558/(-12)) a prime number?
True
Let t(j) = -j**3 - 7*j**2 + 4. Let m be t(-7). Suppose 7 = -4*p + 2*o + 15, -3*p = -o - m. Suppose -b = p, -3*l + l - b = -818. Is l composite?
False
Let o(g) = -8*g**2 + 33*g - 16. Let w be o(14). Let a = w + 2081. Is a composite?
True
Let u = -115 + 172. Let i = u + -62. Is 3*4/(-30) + (-807)/i composite?
True
Let x be -7 + 10/1 + -3. Is (-4 - -150)*(x + 17/2) prime?
False
Let a(h) = 10*h**2 + 10*h - 34. Let y(d) = -29*d**2 - 31*d + 102. Let s(x) = -8*a(x) - 3*y(x). Is s(-15) composite?
True
Suppose -54432 - 83895 = 147*v. Suppose -2*p - 2305 = 2*p - d, -3 = -3*d. Let m = p - v. Is m a composite number?
True
Suppose -h + 2 = 3, 2*n + h = 7. Suppose -4 = 5*c + 1, n*c = -3*a + 2474. Suppose -r = o + r - 411, -2*o - 2*r + a = 0. Is o composite?
True
Suppose -6*k + 212 = o - 5*k, -4*k = -o + 197. Let z = o - -14. Is z a composite number?
False
Let f(y) = -43*y**3 - 11*y**2 + 31*y + 110. Is f(-13) prime?
False
Suppose -14*m + 5*m = -25479. Suppose -9*y + m = 10*y. Is y composite?
False
Let c(d) be the third derivative of -d**6/120 - d**5/60 + d**4/24 + 7*d**3/6 - 8*d**2. Let i be c(0). Suppose t + 258 = i*t. Is t a prime number?
True
Let f = 782130 + -481423. Is f composite?
True
Let l(a) = -2*a**2 - 3498. Let m be l(0). Let w = m + 5412. Let b = -553 + w. Is b composite?
False
Let p = 132 + -131. Is 14366/((p + -2)/(1/(-2))) composite?
True
Suppose 0 = -2*b - 4*a + 12128, -25*b + 28*b + a = 18192. Suppose 11*j - b = -5*j. Is j a composite number?
False
Suppose -21 = 4*x - 265. Let j = -60 + x. Is ((-1274)/(-2) + -1 + -1)/j a composite number?
True
Suppose q + 2*f - 97211 = 0, 127*q - 131*q + 3*f = -388855. Is q composite?
False
Let k(y) = -5283*y - 37. Suppose -25*r = 16*r + 82. Is k(r) a prime number?
True
Let u be 0 + 2 + 0 + -2. Suppose -z + u*z = 6. Let y(w) = -2*w**3 - 4*w**2 + w + 11. Is y(z) a prime number?
True
Let q(n) = n**3 + 48*n**2 - 377*n + 77. Is q(-50) a prime number?
False
Let z(o) = 2*o**2 - o - 517. Let v(t) = -3*t**2 + 2*t + 1032. Let a(y) = 3*v(y) + 5*z(y). Is a(0) prime?
False
Let o be (-88)/12 + 7 + 119770/30. Suppose 0 = 5*z - 319 - 436. Let b = z + o. Is b composite?
True
Let s be ((-3)/(45/(-1210)))/(2/6). Let d = s - 451. Let b = d - -358. Is b composite?
False
Suppose -3*d - 45*w + 47*w + 760205 = 0, -3*w + 506812 = 2*d. Is d composite?
True
Let y be (-616)/(-18) + 6/(-27). Suppose 28428 = y*h - 30086. Is h composite?
False
Let q be (10/14)/(-5) - 4650/(-14). Suppose 0 = 5*f + q - 2747. Suppose f = 5*z - 182. Is z a prime number?
False
Let a(i) be the third derivative of -455*i**4/24 + 4*i**3 - i**2 + 47*i. Is a(-10) a composite number?
True
Suppose -2*n = 3*y - 6*y + 15965, 4*y + 2*n = 21310. Let f = y - -614. Is f a prime number?
True
Suppose -2*w = -l + 1, 0 = -4*w + w - 3*l 